t is the remainder when 81186 is divided by 1624?
1610
Calculate the remainder when 41762 is divided by 10267.
694
Calculate the remainder when 3459 is divided by 3383.
76
What is the remainder when 216784 is divided by 43275?
409
What is the remainder when 9798301 is divided by 168936?
13
Calculate the remainder when 534736 is divided by 238.
188
Calculate the remainder when 3634515 is divided by 1921.
1904
What is the remainder when 10135 is divided by 362?
361
Calculate the remainder when 69963958 is divided by 1580.
1558
What is the remainder when 3028 is divided by 63?
4
Calculate the remainder when 54398576 is divided by 295.
281
What is the remainder when 8220869 is divided by 45?
44
Calculate the remainder when 1384150 is divided by 628.
38
Calculate the remainder when 4148055 is divided by 106360.
15
What is the remainder when 458520 is divided by 13853?
1371
What is the remainder when 4715812 is divided by 1571919?
55
Calculate the remainder when 3337027 is divided by 278085.
7
What is the remainder when 177987 is divided by 2531?
817
What is the remainder when 7999 is divided by 7731?
268
Calculate the remainder when 86179543 is divided by 459.
457
Calculate the remainder when 86848 is divided by 12385.
153
Calculate the remainder when 135212 is divided by 137.
130
Calculate the remainder when 36811211 is divided by 4265.
4261
What is the remainder when 3399474 is divided by 424930?
34
Calculate the remainder when 877940 is divided by 612.
332
Calculate the remainder when 9268219 is divided by 254.
13
What is the remainder when 75976 is divided by 12641?
130
Calculate the remainder when 158383 is divided by 6473.
3031
Calculate the remainder when 3935593 is divided by 374.
365
Calculate the remainder when 54817 is divided by 3425.
17
Calculate the remainder when 3701140 is divided by 1434.
1420
What is the remainder when 10003 is divided by 186?
145
What is the remainder when 1056992 is divided by 132042?
656
Calculate the remainder when 236874 is divided by 114676.
7522
What is the remainder when 121466670 is divided by 4861?
2
What is the remainder when 270261 is divided by 1883?
992
Calculate the remainder when 1170903 is divided by 389.
13
Calculate the remainder when 92871913 is divided by 78705.
13
Calculate the remainder when 126960 is divided by 42135.
555
Calculate the remainder when 191456 is divided by 697.
478
What is the remainder when 23142675 is divided by 9?
3
What is the remainder when 223458283 is divided by 5269?
5262
Calculate the remainder when 3880367 is divided by 215575.
17
Calculate the remainder when 404527 is divided by 8268.
7663
What is the remainder when 12291939 is divided by 6145949?
41
Calculate the remainder when 372830 is divided by 713.
644
What is the remainder when 80224721 is divided by 2862?
2861
Calculate the remainder when 354817 is divided by 70674.
1447
What is the remainder when 4794246 is divided by 498?
0
Calculate the remainder when 136080 is divided by 45254.
318
What is the remainder when 14169 is divided by 4444?
837
Calculate the remainder when 15099 is divided by 1978.
1253
Calculate the remainder when 33033944 is divided by 2350.
2344
Calculate the remainder when 456882 is divided by 5435.
342
Calculate the remainder when 793842 is divided by 264542.
216
Calculate the remainder when 56056 is divided by 90.
76
What is the remainder when 10443 is divided by 3659?
3125
Calculate the remainder when 874332 is divided by 291009.
1305
What is the remainder when 204303 is divided by 556?
251
Calculate the remainder when 300922 is divided by 1118.
180
Calculate the remainder when 422403 is divided by 140788.
39
Calculate the remainder when 3501524 is divided by 578.
0
What is the remainder when 15390 is divided by 3032?
230
Calculate the remainder when 255383 is divided by 2409.
29
What is the remainder when 97198 is divided by 96885?
313
What is the remainder when 28014 is divided by 3978?
168
Calculate the remainder when 318859785 is divided by 119.
118
What is the remainder when 47979 is divided by 4048?
3451
Calculate the remainder when 128163 is divided by 64051.
61
What is the remainder when 173507 is divided by 30?
17
Calculate the remainder when 787133 is divided by 494.
191
What is the remainder when 39245499 is divided by 302?
297
Calculate the remainder when 405603 is divided by 1683.
0
What is the remainder when 4261391 is divided by 6506?
6467
What is the remainder when 11567538 is divided by 340221?
24
What is the remainder when 2206995 is divided by 1103482?
31
Calculate the remainder when 200637 is divided by 654.
513
Calculate the remainder when 204077 is divided by 8157.
152
Calculate the remainder when 414948 is divided by 3989.
92
What is the remainder when 99206 is divided by 7623?
107
What is the remainder when 333944 is divided by 6300?
44
What is the remainder when 5752634 is divided by 2402?
2246
Calculate the remainder when 5776954 is divided by 285.
4
What is the remainder when 1140931 is divided by 136?
27
What is the remainder when 2722890 is divided by 482?
72
Calculate the remainder when 652984 is divided by 31049.
955
What is the remainder when 49683312 is divided by 2321?
2307
Calculate the remainder when 470439 is divided by 3955.
3749
Calculate the remainder when 213556 is divided by 213501.
55
What is the remainder when 2946498 is divided by 44?
38
Calculate the remainder when 197826744 is divided by 157.
150
What is the remainder when 105976 is divided by 52741?
494
Calculate the remainder when 4527589 is divided by 350.
339
What is the remainder when 7247059 is divided by 2621?
2615
What is the remainder when 21218358 is divided by 17084?
30
What is the remainder when 5492001 is divided by 1830665?
6
What is the remainder when 19499 is divided by 579?
392
What is the remainder when 74783363 is divided by 9022?
5
Calculate the remainder when 77208 is divided by 2969.
14
Calculate the remainder when 14443111 is divided by 115.
31
Calculate the remainder when 210747786 is divided by 217.
207
Calculate the remainder when 45516286 is divided by 37.
33
Calculate the remainder when 6421954 is divided by 199.
25
Calculate the remainder when 68559 is divided by 7369.
2238
What is the remainder when 10693 is divided by 702?
163
What is the remainder when 423726 is divided by 281?
259
Calculate the remainder when 637429355 is divided by 46.
41
What is the remainder when 2620806 is divided by 902?
496
Calculate the remainder when 111633 is divided by 381.
0
What is the remainder when 26765260 is divided by 172?
168
Calculate the remainder when 10122890 is divided by 15154.
18
What is the remainder when 572890 is divided by 143220?
10
Calculate the remainder when 2956295 is divided by 206.
195
Calculate the remainder when 621315 is divided by 1554.
1269
What is the remainder when 108886516 is divided by 351?
349
Calculate the remainder when 2577015 is divided by 384.
375
Calculate the remainder when 83843 is divided by 11972.
39
Calculate the remainder when 592099 is divided by 5863.
5799
What is the remainder when 273597 is divided by 431?
343
What is the remainder when 37702989 is divided by 105?
9
What is the remainder when 1789696 is divided by 42?
34
What is the remainder when 4404 is divided by 754?
634
What is the remainder when 755275 is divided by 3134?
3115
Calculate the remainder when 62435 is divided by 15539.
279
Calculate the remainder when 364696 is divided by 1770.
76
What is the remainder when 45212681 is divided by 591?
590
What is the remainder when 118676 is divided by 230?
226
Calculate the remainder when 394130 is divided by 956.
258
What is the remainder when 3009966 is divided by 998?
996
What is the remainder when 405829 is divided by 74?
13
What is the remainder when 888616 is divided by 177716?
36
What is the remainder when 26385 is divided by 3316?
3173
What is the remainder when 36077103 is divided by 507?
504
What is the remainder when 329136 is divided by 823?
759
Calculate the remainder when 28473327 is divided by 104.
103
Calculate the remainder when 1633831 is divided by 261.
232
What is the remainder when 294925 is divided by 260?
85
What is the remainder when 319151 is divided by 159469?
213
Calculate the remainder when 909